y 9?
7
What is the remainder when 37508 is divided by 10?
8
What is the remainder when 11 is divided by 5?
1
Calculate the remainder when 572 is divided by 48.
44
Calculate the remainder when 54 is divided by 29.
25
Calculate the remainder when 83 is divided by 30.
23
Calculate the remainder when 415 is divided by 71.
60
What is the remainder when 1144 is divided by 12?
4
What is the remainder when 753 is divided by 57?
12
Calculate the remainder when 176 is divided by 45.
41
What is the remainder when 166 is divided by 63?
40
What is the remainder when 43 is divided by 33?
10
What is the remainder when 575 is divided by 96?
95
Calculate the remainder when 16099 is divided by 100.
99
Calculate the remainder when 125 is divided by 30.
5
What is the remainder when 457 is divided by 114?
1
Calculate the remainder when 42 is divided by 5.
2
Calculate the remainder when 3364 is divided by 9.
7
Calculate the remainder when 1787 is divided by 56.
51
Calculate the remainder when 402 is divided by 107.
81
Calculate the remainder when 2737 is divided by 304.
1
What is the remainder when 519 is divided by 180?
159
What is the remainder when 917 is divided by 148?
29
Calculate the remainder when 160 is divided by 23.
22
Calculate the remainder when 95 is divided by 42.
11
Calculate the remainder when 83 is divided by 12.
11
What is the remainder when 380 is divided by 91?
16
Calculate the remainder when 1079 is divided by 28.
15
Calculate the remainder when 3090 is divided by 25.
15
Calculate the remainder when 488 is divided by 74.
44
What is the remainder when 146 is divided by 42?
20
What is the remainder when 422 is divided by 49?
30
What is the remainder when 7125 is divided by 12?
9
Calculate the remainder when 2803 is divided by 124.
75
What is the remainder when 453 is divided by 19?
16
What is the remainder when 717 is divided by 53?
28
What is the remainder when 138 is divided by 63?
12
Calculate the remainder when 47 is divided by 18.
11
What is the remainder when 143 is divided by 100?
43
What is the remainder when 59 is divided by 20?
19
What is the remainder when 264 is divided by 18?
12
What is the remainder when 923 is divided by 247?
182
Calculate the remainder when 218 is divided by 38.
28
What is the remainder when 42 is divided by 30?
12
What is the remainder when 238 is divided by 24?
22
Calculate the remainder when 881 is divided by 52.
49
Calculate the remainder when 229 is divided by 46.
45
Calculate the remainder when 248 is divided by 111.
26
Calculate the remainder when 92 is divided by 50.
42
What is the remainder when 1756 is divided by 44?
40
Calculate the remainder when 405 is divided by 58.
57
Calculate the remainder when 422 is divided by 276.
146
Calculate the remainder when 108 is divided by 73.
35
What is the remainder when 42 is divided by 23?
19
Calculate the remainder when 532 is divided by 36.
28
Calculate the remainder when 10198 is divided by 3398.
4
What is the remainder when 4749 is divided by 176?
173
Calculate the remainder when 43 is divided by 21.
1
Calculate the remainder when 96 is divided by 27.
15
What is the remainder when 24396 is divided by 244?
240
What is the remainder when 11384 is divided by 9?
8
Calculate the remainder when 1891 is divided by 29.
6
What is the remainder when 6521 is divided by 15?
11
What is the remainder when 4030 is divided by 667?
28
What is the remainder when 2000 is divided by 13?
11
What is the remainder when 39 is divided by 26?
13
What is the remainder when 2507 is divided by 33?
32
What is the remainder when 767 is divided by 12?
11
Calculate the remainder when 181 is divided by 57.
10
Calculate the remainder when 49 is divided by 16.
1
Calculate the remainder when 421 is divided by 111.
88
Calculate the remainder when 356 is divided by 19.
14
What is the remainder when 142 is divided by 25?
17
What is the remainder when 893 is divided by 50?
43
Calculate the remainder when 906 is divided by 319.
268
Calculate the remainder when 76 is divided by 35.
6
Calculate the remainder when 332 is divided by 65.
7
What is the remainder when 822 is divided by 75?
72
What is the remainder when 145 is divided by 69?
7
What is the remainder when 1552 is divided by 31?
2
What is the remainder when 40 is divided by 15?
10
What is the remainder when 218 is divided by 25?
18
Calculate the remainder when 150 is divided by 132.
18
Calculate the remainder when 399 is divided by 68.
59
Calculate the remainder when 968 is divided by 332.
304
What is the remainder when 1855 is divided by 16?
15
What is the remainder when 66 is divided by 44?
22
What is the remainder when 274 is divided by 11?
10
Calculate the remainder when 704 is divided by 221.
41
What is the remainder when 13 is divided by 10?
3
Calculate the remainder when 177 is divided by 36.
33
Calculate the remainder when 854 is divided by 172.
166
What is the remainder when 780 is divided by 9?
6
Calculate the remainder when 3298 is divided by 822.
10
Calculate the remainder when 16 is divided by 15.
1
Calculate the remainder when 8829 is divided by 128.
125
Calculate the remainder when 268 is divided by 31.
20
What is the remainder when 271 is divided by 13?
11
Calculate the remainder when 17 is divided by 16.
1
Calculate the remainder when 2554 is divided by 76.
46
What is the remainder when 162 is divided by 59?
44
What is the remainder when 1182 is divided by 13?
12
What is the remainder when 224 is divided by 58?
50
What is the remainder when 540 is divided by 78?
72
What is the remainder when 667 is divided by 10?
7
What is the remainder when 994 is divided by 37?
32
What is the remainder when 260 is divided by 33?
29
What is the remainder when 76 is divided by 17?
8
Calculate the remainder when 6249 is divided by 25.
24
Calculate the remainder when 2010 is divided by 8.
2
Calculate the remainder when 249 is divided by 10.
9
Calculate the remainder when 5 is divided by 5.
0
What is the remainder when 1336 is divided by 48?
40
What is the remainder when 132 is divided by 18?
6
Calculate the remainder when 110 is divided by 12.
2
Calculate the remainder when 847 is divided by 20.
7
Calculate the remainder when 249 is divided by 55.
29
Calculate the remainder when 2223 is divided by 250.
223
Calculate the remainder when 600 is divided by 43.
41
Calculate the remainder when 178 is divided by 26.
22
Calculate the remainder when 206 is divided by 38.
16
Calculate the remainder when 154 is divided by 18.
10
Calculate the remainder when 478 is divided by 8.
6
What is the remainder when 705 is divided by 352?
1
Calculate the remainder when 53 is divided by 2.
1
Calculate the remainder when 711 is divided by 51.
48
Calculate the remainder when 2293 is divided by 31.
30
What is the remainder when 353 is divided by 86?
9
What is the remainder when 5455 is divided by 25?
5
Calculate the remainder when 488 is divided by 29.
24
What is the remainder when 103 is divided by 27?
22
What is the remainder when 40 is divided by 22?
18
What is the remainder when 1190 is divided by 108?
2
What is the remainder when 314 is divided by 10?
4
Calculate the remainder when 202 is divided by 28.
6
Calculate the remainder when 693 is divided by 130.
43
What is the remainder when 194 is divided by 49?
47
Calculate the remainder when 106 is divided by 22.
18
What is the remainder when 143 is divided by 120?
23
What is the remainder when 1651 is divided by 19?
17
What is the remainder when 1323 is divided by 39?
36
Calculate the remainder when 2725 is divided by 2705.
20
Calculate the remainder when 265 is divided by 55.
45
Calculate the remainder when 92 is divided by 26.
14
What is the remainder when 690 is divided by 221?
27
Calculate the remainder when 142 is divided by 26.
12
What is the remainder when 601 is divided by 54?
7
What is the remainder when 253 is divided by 199?
54
Calculate the remainder when 1872 is divided by 237.
213
What is the remainder when 37 is divided by 20?
17
Calculate the remainder when 242 is divided by 234.
8
Calculate the remainder when 301 is divided by 107.
87
Calculate the remainder when 108 is divided by 15.
3
What is the remainder when 845 is divided by 441?
404
What is the remainder when 31 is divided by 20?
11
Calculat